3, 5
Let m(q) = q**3 - 4. Let y be m(0). Let b(t) = -3*t + 1. What are the prime factors of b(y)?
13
Let n(x) = x**3. Let y(t) = 4*t**3 + t**2 + t + 6. Let k(v) = -3*n(v) + y(v). Let j(g) = -g**2 + g. Let p be j(1). What are the prime factors of k(p)?
2, 3
Let h be 8/48 + (-1582)/(-12). Suppose 5*a - h = -a. What are the prime factors of a?
2, 11
Let i(m) = -4*m**3 + 5*m**3 + 7*m**3. Suppose -3*u = 1 - 4. What are the prime factors of i(u)?
2
Suppose 2*l - 3*l + 3 = 0. Let x(v) = -3*v**2 + l + 3*v**3 + 4*v**2 - 3*v**3 + v + v**3. List the prime factors of x(0).
3
Let f = 3 + 1. Suppose 4*z - 8 = f. Suppose -z*j + 42 = -9. List the prime factors of j.
17
Let l(c) = 2*c + 77. List the prime factors of l(-8).
61
Let b(w) = w - 3. Let x be b(5). Suppose x*s - 4 = -2. Suppose 7 = u - s. List the prime factors of u.
2
Let f be -10 - ((-1 - 0) + -1). What are the prime factors of (-306)/f + (-6)/24?
2, 19
List the prime factors of (-6)/9 + (-527)/(-3) + -1.
2, 3, 29
Suppose -84 = 4*a + p - 25, -5*a = -p + 67. Let x = 10 + a. Let w = x + 13. What are the prime factors of w?
3
What are the prime factors of 1/(4/72) + 2?
2, 5
Let w = 73 - -9. Suppose 2*s - w = -2*a, -s + 3*s + 4*a - 92 = 0. What are the prime factors of s?
2, 3
Let t(b) = 2*b - 4. Let x be t(4). Suppose -34 = -2*i + 3*v, x*i + v - 34 = 2*i. List the prime factors of i.
17
Suppose 4*b = -2*r + 8, 0 = -5*r + 4*b - 3*b - 2. Let t be (-30)/(-4) + 2/4. Suppose r = 5*d - t - 2. List the prime factors of d.
2
Let p(n) be the second derivative of n**7/1260 - n**6/720 - n**4/6 + n. Let w(v) be the third derivative of p(v). List the prime factors of w(-2).
2, 5
Suppose -5*h + 301 = 91. Suppose -5*w + 202 = h. What are the prime factors of w?
2
Suppose -5*c + 126 = 21. What are the prime factors of c?
3, 7
What are the prime factors of (-4)/10 + 657/5?
131
Suppose 13*a - 260 = 8*a. What are the prime factors of a?
2, 13
Let y be (2/2 + -1)/1. Suppose q = 4*w - 32, y*q - 4*q + 43 = 3*w. What are the prime factors of w?
3
Let t be 32/2 + -1 + -1. Let f = t - 4. Suppose -5*u + 3*u + f = 0. List the prime factors of u.
5
Let d(b) = -5*b - 12. Let f(v) = 6*v + 12. Let o(w) = -7*d(w) - 6*f(w). Let t be o(6). Suppose -48 = -t*a + 2*a. List the prime factors of a.
2, 3
Suppose 25 = -5*k, -2*w - k + 2*k + 63 = 0. What are the prime factors of w?
29
Let c = 31 + -18. Let s = c + 8. List the prime factors of 23/3 + 7/s.
2
Let q be -1 - 1/(-2)*2. Let w be q*((-2)/4)/(-1). Suppose -5*x + v + 32 = w, 2*v + 36 = 5*x - v. List the prime factors of x.
2, 3
Suppose 2*d + 32 = 4*d. Let p = -9 + d. Let l(y) = 4*y - 7. List the prime factors of l(p).
3, 7
Suppose 0*x + 3 = -x - 4*k, -k = -x + 7. Suppose x*t + 5 = 105. Let y = t - 8. What are the prime factors of y?
2, 3
Suppose 2*s - 6*s = -i - 12, 4*s - 12 = -i. Suppose -7*l + 2*l = i. Suppose 0 = 2*y + j - 21, l = y - 2*j - j. List the prime factors of y.
3
Let v be 0 + 4/2 + 0. Let c be -24*((3 - 6) + v). Let b = c - 9. What are the prime factors of b?
3, 5
Let h(v) = -v**2 - 5*v + 2. Let i be h(-5). Suppose 45 = 2*m - 0*m - 5*u, -i = -2*u. Suppose -4*k + 61 - m = 0. What are the prime factors of k?
3
Suppose -1 + 3 = b. Suppose -26 + b = -2*h. What are the prime factors of h?
2, 3
Let n = 31 + -10. What are the prime factors of n?
3, 7
Let p(l) be the second derivative of -l**3/6 + 9*l. Let y be 2/(-7) - (-47)/(-7). What are the prime factors of p(y)?
7
Suppose -d - 24 = -0*f - 3*f, 2*f + d = 21. Suppose 2*y - 7 = f. List the prime factors of y.
2
Let n be 1/((3/(-15))/(-1)). Suppose 0*s - 35 = -n*s. What are the prime factors of s?
7
Let r(l) = -l. Let k be r(-3). Suppose -17 - 16 = -k*p. What are the prime factors of p?
11
Suppose 7*g - 58 = 5*g. List the prime factors of g.
29
Suppose -k + 4*m - 22 = 0, m = k - 2*k + 3. Let n = k + 7. What are the prime factors of n?
5
Let d(i) = 2*i + 6. Suppose 5*k + 16 = -4. Let f be d(k). List the prime factors of f + 3 - (-6)/2.
2
Let d = 25 + -18. Suppose 2*o - 36 = -2*a, 3*a = d*a + 5*o - 76. Suppose -u + 5 + 13 = -4*j, 3*j = -2*u + a. What are the prime factors of u?
2, 5
What are the prime factors of (-36)/(-24) - 4/(8/(-657))?
2, 3, 5, 11
Suppose -m = 3*r - 6*m - 302, 5*m - 114 = -r. List the prime factors of r.
2, 13
Let x(g) = -g**2 + 11*g + 2. Let u be x(11). Let m be (2 - 1) + 0 + 34. Suppose u*t - k - m = -4*k, -3*t + 45 = 2*k. What are the prime factors of t?
13
Let j = -19 + 13. Let q be -2 + (j/3 - -4). Suppose 0 = 2*h + 3*h - 2*s - 75, 5*h - 5*s - 90 = q. What are the prime factors of h?
13
Let c(q) = -4*q + 3 - 2*q**2 - 3*q**2 + 4*q**2. What are the prime factors of c(-3)?
2, 3
Let d(c) = c**2 + 2*c + 1. Suppose 0 = 2*t + 2. Let h = -4 - t. What are the prime factors of d(h)?
2
Let a(k) = 7*k**3 + 3*k - 3. Let n be a(2). Suppose n = 3*z + 14. What are the prime factors of z?
3, 5
Suppose -6 = -f - f. Suppose 5*u - 13 = -f. List the prime factors of 0 + 0 + u - -10.
2, 3
Let s(f) = f**2 - 8*f + 2. What are the prime factors of s(10)?
2, 11
Let d(c) = c**3 + 2*c**2 - 3*c + 2. Let s be d(-3). Suppose -3*b + 2*b = -s. List the prime factors of b.
2
Let x = 8 - -26. Let z(w) = w**2 - 11*w + 4. Let s be z(7). Let v = s + x. List the prime factors of v.
2, 5
Let l = 171 + -89. List the prime factors of l.
2, 41
Let s(j) = j**3 - 5*j**2 - 5*j + 4. Let g be s(6). Let q = -7 + g. What are the prime factors of q?
3
List the prime factors of 5 - 2 - (0 - 29).
2
Suppose -2*t + 32 = 28. What are the prime factors of (0 - 5)*t/(-5)?
2
Suppose -4*t - 33 = 5*w, -7 = 2*w + 3. Let q be (14/2)/(3 + t). Let x = q + -1. What are the prime factors of x?
2, 3
Let y = -59 + 86. What are the prime factors of y?
3
Suppose -32*r - 364 = -36*r. List the prime factors of r.
7, 13
Suppose -c + 1 = -2. List the prime factors of (c/(-2))/((-15)/50).
5
Let d be ((-3)/2)/((-3)/6). What are the prime factors of (d/9)/(2/42)?
7
Suppose -5 = 3*x - 17. Suppose -d - 21 = -2*g, -2*g + 15 = d + x*d. List the prime factors of g.
2, 5
Suppose 4*c - 4*v = c + 232, c + v = 68. List the prime factors of c.
2, 3
Let q = 8 + 13. What are the prime factors of q?
3, 7
Let y be ((-2)/3)/((-2)/3). Suppose 25 = 4*s - 3*v + y, 0 = 5*v. List the prime factors of s.
2, 3
Let z(h) = h**2 + 16*h - 14. What are the prime factors of z(10)?
2, 3, 41
Suppose h = -h + 6. What are the prime factors of h?
3
Let x = 1 - -7. Let c = 5 - x. List the prime factors of 7*c*(-1)/3.
7
Let w(v) = v**3 - v**2 - 4*v + 1. Let a be 3 - (9/3 + -3). What are the prime factors of w(a)?
7
Suppose -4*k + 10 = 2*u - 7*u, 4*k - 26 = -3*u. List the prime factors of u.
2
Let v = -27 + 43. What are the prime factors of v?
2
Let w = 1 - -2. Suppose -8 + 3 = t, -2*m = -w*t - 51. Suppose 5*s = 3*s + m. List the prime factors of s.
3
Let d = -2 - 0. Let b(v) = 10*v + 2. Let k be b(2). Let a = k + d. What are the prime factors of a?
2, 5
Suppose -10 = 5*b - 0. Let q(n) = n**3 + 2*n**2 - 2*n. Let s be q(b). List the prime factors of ((-13)/s)/(1/(-4)).
13
Let k be (-13)/(-4) - (-1)/(-4). Suppose 0 = 5*v - 5*r - 55, -4*v + 33 = -k*r - 8. List the prime factors of v.
2
Suppose 3*n = 9 + 27. Suppose -3*a + 0*a - n = 5*q, 3*a - 6 = q. Let s = 12 - a. What are the prime factors of s?
11
Let k(m) = 7 - 3*m + 5*m - m - 4. Let u be k(0). Suppose -5*v + 32 = -u*l, 2*v = -v + 2*l + 20. What are the prime factors of v?
2
Let r = -2 + 2. Let g be (-1)/2*r/3. What are the prime factors of g + -2 + 17 + -3?
2, 3
Let q = 8 - 3. Suppose j - q = -0*j. List the prime factors of j.
5
Let r(f) = -47*f - 1. What are the prime factors of r(-1)?
2, 23
Let a(v) = v**3 - 6*v**2 - 6. Let u be a(7). Let k = u + -30. List the prime factors of k.
13
Let b be 30*((-12)/5 + 2). List the prime factors of 40/b*(-12)/5.
2
Let a be 61/7 - (-8)/28. Let t be (30/a)/(-1)*-6. Suppose 14 = v + 3*b, -8*v - 3*b = -4*v - t. What are the prime factors of v?
2
What are the prime factors of (-2)/17 - (-1572)/68?
23
Let w(g) = 16*g**2 - 5*g + 13. List the prime factors of w(5).
2, 97
Let m(s) be the second derivative of 2*s - 5/6*s**3 + 1/20*s**5 - 1/2*s**4 - 3*s**2 + 0. List the prime factors of m(7).
2
Let g(p) = -p**2 + 38*p + 101. What are the prime factors of g(25)?
2, 3, 71
Let t(q) = q**2 + 3*q + 5*q + 3 - 7*q - q**3 + 3*q. Suppose -5*